{"id":3142,"date":"2023-08-21T14:14:41","date_gmt":"2023-08-21T17:14:41","guid":{"rendered":"https:\/\/antslab.com.br\/?post_type=product&#038;p=3142"},"modified":"2026-03-15T12:16:12","modified_gmt":"2026-03-15T15:16:12","slug":"cuba-de-eletroforese","status":"publish","type":"product","link":"https:\/\/antslab.com.br\/?product=cuba-de-eletroforese","title":{"rendered":"CUBA DE ELETROFORESE"},"content":{"rendered":"<p><span class=\"rvts6\">CUBA DE ELETROFORESE HORIZONTAL 10 X 10 CM<\/span><\/p>\n<p class=\"rvps6\"><span class=\"rvts6\">Aplica\u00e7\u00e3o:<\/span><\/p>\n<p><span class=\"rvts7\">Utilizada na separa\u00e7\u00e3o de prote\u00ednas e \u00e1cidos nucl\u00e9icos, an\u00e1lises de fragmentos de restri\u00e7\u00e3o e estudos anal\u00edticos.<\/span><\/p>\n<p class=\"rvps6\"><span class=\"rvts6\">Caracter\u00edsticas:<\/span><\/p>\n<ul>\n<li class=\"rvps7\"><span class=\"rvts7\">\u00c0 prova de vazamento;<\/span><\/li>\n<li class=\"rvps7\"><span class=\"rvts7\">Eletrodo em fio de platina puro, 99,99% resistente \u00e0 corros\u00e3o;<\/span><\/li>\n<li class=\"rvps7\"><span class=\"rvts7\">Bandejas dispon\u00edveis em diferentes tamanhos;<\/span><\/li>\n<li class=\"rvps7\"><span class=\"rvts8\">Bandejas<\/span><span class=\"rvts9\">\u00a0s\u00e3o compat\u00edveis para uso com luz UV .<\/span><\/li>\n<\/ul>\n<p class=\"rvps6\"><span class=\"rvts6\">Informa\u00e7\u00f5es T\u00e9cnicas<\/span><\/p>\n<ul>\n<li class=\"rvps7\"><span class=\"rvts7\">Tamanho das bandejas : 10x7cm e 10x10cm<\/span><\/li>\n<li class=\"rvps7\"><span class=\"rvts7\">Tamanho do gel: 10x7cm e 10x10cm<\/span><\/li>\n<li class=\"rvps7\"><span class=\"rvts7\">Dimens\u00f5es: 22&#215;12,5x9cm<\/span><\/li>\n<li class=\"rvps7\"><span class=\"rvts7\">Capacidade m\u00e1xima: at\u00e9 100 amostras<\/span><\/li>\n<li class=\"rvps7\"><span class=\"rvts7\">Volume de tamp\u00e3o: 300mL<\/span><\/li>\n<\/ul>\n<p class=\"rvps6\"><span class=\"rvts6\">Registro ANVISA:<\/span><\/p>\n<p class=\"rvps6\"><span class=\"rvts7\">N\u00e3o aplic\u00e1vel.<\/span><\/p>\n<p class=\"rvps6\"><span class=\"rvts6\">Apresenta\u00e7\u00e3o:<\/span><\/p>\n<p class=\"rvps8\"><span class=\"rvts7\">Caixa cont\u00e9m:<\/span><\/p>\n<div>\n<table border=\"0\" width=\"100%\" cellspacing=\"-1\" cellpadding=\"4\">\n<tbody>\n<tr valign=\"top\">\n<td valign=\"top\" width=\"47%\">\n<p class=\"rvps9\"><span class=\"rvts7\">&#8211; 1 tanque; \u00a0 \u00a0 \u00a0 \u00a0<\/span><\/p>\n<\/td>\n<td valign=\"top\" width=\"52%\">\n<p class=\"rvps10\"><span class=\"rvts7\">&#8211; 2 suportes para preparo do gel;<\/span><\/p>\n<\/td>\n<\/tr>\n<tr valign=\"top\">\n<td valign=\"top\" width=\"47%\">\n<p class=\"rvps10\"><span class=\"rvts7\">&#8211; 1 tampa;<\/span><\/p>\n<\/td>\n<td valign=\"top\" width=\"52%\">\n<p class=\"rvps10\"><span class=\"rvts7\">&#8211; 1 par de cabos para conex\u00e3o;<\/span><\/p>\n<\/td>\n<\/tr>\n<tr valign=\"top\">\n<td valign=\"top\" width=\"47%\">\n<p class=\"rvps10\"><span class=\"rvts7\">&#8211; 2 bandejas;<\/span><\/p>\n<\/td>\n<td valign=\"top\" width=\"52%\">\n<p class=\"rvps10\"><span class=\"rvts7\">&#8211; Faixas adesivas para orienta\u00e7\u00e3o;<\/span><\/p>\n<\/td>\n<\/tr>\n<tr valign=\"top\">\n<td valign=\"top\" width=\"47%\">\n<p class=\"rvps10\"><span class=\"rvts7\">&#8211; 2 pentes (1mm) para 16 amostras;<\/span><\/p>\n<\/td>\n<td valign=\"top\" width=\"52%\">\n<p class=\"rvps11\"><span class=\"rvts7\">&#8211; Manual.<\/span><\/p>\n<\/td>\n<\/tr>\n<\/tbody>\n<\/table>\n<\/div>\n<p class=\"rvps8\"><span class=\"rvts6\">MODELO:<\/span><span class=\"rvts7\">\u00a0K33-10H<\/span><\/p>\n<p class=\"rvps12\"><span class=\"rvts6\">MARCA:\u00a0<\/span><span class=\"rvts7\">KASVI<\/span><\/p>\n","protected":false},"excerpt":{"rendered":"<p>CUBA DE ELETROFORESE HORIZONTAL 10 X 10 CM Aplica\u00e7\u00e3o: Utilizada na separa\u00e7\u00e3o de prote\u00ednas e \u00e1cidos nucl\u00e9icos, an\u00e1lises de fragmentos de restri\u00e7\u00e3o e estudos anal\u00edticos. Caracter\u00edsticas: \u00c0 prova de vazamento;&hellip;<\/p>\n","protected":false},"featured_media":3143,"comment_status":"open","ping_status":"closed","template":"","meta":{"content-type":""},"product_cat":[165,119],"product_tag":[],"class_list":{"0":"post-3142","1":"product","2":"type-product","3":"status-publish","4":"has-post-thumbnail","6":"product_cat-eletroforese","7":"product_cat-equipamentos","9":"first","10":"instock","11":"shipping-taxable","12":"purchasable","13":"product-type-variable"},"jetpack-related-posts":[{"id":3149,"url":"https:\/\/antslab.com.br\/?product=fonte-de-eletroforese","url_meta":{"origin":3142,"position":0},"title":"FONTE DE ELETROFORESE","author":"antslab","date":"21 de agosto de 2023","format":false,"excerpt":"FONTE DE ELETROFORESE 300V Aplica\u00e7\u00e3o: A fonte de eletroforese 300V \u00e9 ideal para a separa\u00e7\u00e3o de \u00e1cidos e prote\u00ednas em sistemas de eletroforese. Caracter\u00edsticas: Corrida de at\u00e9 4 cubas simultaneamente; Ajuste de tempo (1 a 999min); Configura\u00e7\u00e3o de tens\u00e3o ou corrente constante; Dispositivo de seguran\u00e7a: Detec\u00e7\u00e3o de aus\u00eancia, vazamento Configura\u00e7\u00e3o\u2026","rel":"","context":"Post similar","block_context":{"text":"Post similar","link":""},"img":{"alt_text":"","src":"https:\/\/i0.wp.com\/antslab.com.br\/wp-content\/uploads\/2023\/08\/K33-300V.jpg?fit=1200%2C1200&ssl=1&resize=350%2C200","width":350,"height":200},"classes":[]},{"id":2779,"url":"https:\/\/antslab.com.br\/?product=forno-mufla-ssfm","url_meta":{"origin":3142,"position":1},"title":"FORNO MUFLA &#8211; SSFM","author":"antslab","date":"5 de julho de 2023","format":false,"excerpt":"Aplica\u00e7\u00e3o: Desenvolvido para procedimentos que necessitam de altas temperatura, dentre eles est\u00e3o a calcina\u00e7\u00e3o de subst\u00e2ncias no qual \u00e9 o processo de oxida\u00e7\u00e3o das subst\u00e2ncias presentes na amostra, utilizado tamb\u00e9m em an\u00e1lises qu\u00edmicas de subst\u00e2ncias complexas ou na quantifica\u00e7\u00e3o de metais.Fabricado com mat\u00e9ria prima de excelente qualidade este equipamento opera\u2026","rel":"","context":"Post similar","block_context":{"text":"Post similar","link":""},"img":{"alt_text":"","src":"https:\/\/i0.wp.com\/antslab.com.br\/wp-content\/uploads\/2023\/07\/ssfm.jpg?fit=940%2C788&ssl=1&resize=350%2C200","width":350,"height":200},"classes":[]},{"id":2773,"url":"https:\/\/antslab.com.br\/?product=destilador-de-agua-tipo-pilsen-ssdest","url_meta":{"origin":3142,"position":2},"title":"DESTILADOR DE \u00c1GUA &#8211; TIPO (PILSEN) &#8211; SOLIDSTEEL","author":"antslab","date":"5 de julho de 2023","format":false,"excerpt":"Aplica\u00e7\u00e3o:\u00a0 O destilador de \u00e1gua tipo Pilsen foi desenvolvido para uso em laborat\u00f3rios e outros segmentos que necessitam de \u00e1gua destilada com elevada pureza e baixo teor de sais. Caracter\u00edsticas:\u00a0 Constru\u00eddo em a\u00e7o inox AISI 304, inclusive a tampa; Controle el\u00e9trico com chave liga\/desliga e l\u00e2mpada piloto acoplada ao gabinete\u2026","rel":"","context":"Post similar","block_context":{"text":"Post similar","link":""},"img":{"alt_text":"","src":"https:\/\/i0.wp.com\/antslab.com.br\/wp-content\/uploads\/2023\/07\/ssdest.jpg?fit=940%2C788&ssl=1&resize=350%2C200","width":350,"height":200},"classes":[]},{"id":3155,"url":"https:\/\/antslab.com.br\/?product=transiluminador","url_meta":{"origin":3142,"position":3},"title":"Transiluminador","author":"antslab","date":"21 de agosto de 2023","format":false,"excerpt":"TRANSILUMINADOR DE\u00a0LED Aplica\u00e7\u00e3o: Equipamento\u00a0 Transiluminador de LED \u00e9 utilizado para visualiza\u00e7\u00e3o de bandas de gel de agarose de amostras coradas com corante Safer KASVI ou SYBR Safe. O Transiluminador LED \u00e9 uma inova\u00e7\u00e3o na \u00e1rea de eletroforese, pois ao contr\u00e1rio dos transiluminadores convencionais com luz UV, a ilumina\u00e7\u00e3o de LED\u2026","rel":"","context":"Post similar","block_context":{"text":"Post similar","link":""},"img":{"alt_text":"","src":"https:\/\/i0.wp.com\/antslab.com.br\/wp-content\/uploads\/2023\/08\/K33-333.jpg?fit=1200%2C1200&ssl=1&resize=350%2C200","width":350,"height":200},"classes":[]},{"id":2905,"url":"https:\/\/antslab.com.br\/?product=ponteiras-livre-de-dnase-rnase-com-filtro","url_meta":{"origin":3142,"position":4},"title":"PONTEIRAS LIVRE DE DNase, RNase COM FILTRO","author":"antslab","date":"4 de agosto de 2023","format":false,"excerpt":"PONTEIRA 0,1 \u2013 10 \u00b5L COM FILTRO. EST\u00c9RIL. 1000 UN\/PCT. - K62-10-1 Aplica\u00e7\u00e3o: As ponteiras 0,1 \u2013 10 \u00b5L com filtro servem para manipula\u00e7\u00e3o de l\u00edquidos e s\u00e3o compat\u00edveis com as principais marcas de micropipetas do mercado. Caracter\u00edsticas: Fabricadas em polipropileno (PP) transparente de alta qualidade; Capacidade: 0,1 \u2013 10\u2026","rel":"","context":"Post similar","block_context":{"text":"Post similar","link":""},"img":{"alt_text":"","src":"https:\/\/i0.wp.com\/antslab.com.br\/wp-content\/uploads\/2023\/08\/false-1.jpg?fit=1200%2C1200&ssl=1&resize=350%2C200","width":350,"height":200},"classes":[]},{"id":2867,"url":"https:\/\/antslab.com.br\/?product=ponteira-baixa-retencao","url_meta":{"origin":3142,"position":5},"title":"PONTEIRA BAIXA RETEN\u00c7\u00c3O SEM FILTRO E COM FILTRO","author":"antslab","date":"3 de agosto de 2023","format":false,"excerpt":"Aplica\u00e7\u00e3o: As Ponteiras\u00a00,1-10 \u00b5L\u00a0sem\u00a0filtro servem para manipula\u00e7\u00e3o de l\u00edquidos e s\u00e3o compat\u00edveis com as principais marcas de micropipetas do mercado. Caracter\u00edsticas: Fabricadas em polipropileno (PP) transparente de alta qualidade; Capacidade:\u00a00,1-10\u00a0\u00b5L; Baixa reten\u00e7\u00e3o; Livre de DNase, RNase, endotoxinas e pirog\u00eanios; Registro ANVISA: N\u00e3o aplic\u00e1vel. Apresenta\u00e7\u00e3o: Pacote com 1000 unidades. Modelo:\u00a0K69-10 Marca:\u00a0Kasvi","rel":"","context":"Post similar","block_context":{"text":"Post similar","link":""},"img":{"alt_text":"","src":"https:\/\/i0.wp.com\/antslab.com.br\/wp-content\/uploads\/2023\/08\/false-2.jpg?fit=1200%2C1200&ssl=1&resize=350%2C200","width":350,"height":200},"classes":[]}],"_links":{"self":[{"href":"https:\/\/antslab.com.br\/index.php?rest_route=\/wp\/v2\/product\/3142","targetHints":{"allow":["GET"]}}],"collection":[{"href":"https:\/\/antslab.com.br\/index.php?rest_route=\/wp\/v2\/product"}],"about":[{"href":"https:\/\/antslab.com.br\/index.php?rest_route=\/wp\/v2\/types\/product"}],"replies":[{"embeddable":true,"href":"https:\/\/antslab.com.br\/index.php?rest_route=%2Fwp%2Fv2%2Fcomments&post=3142"}],"wp:featuredmedia":[{"embeddable":true,"href":"https:\/\/antslab.com.br\/index.php?rest_route=\/wp\/v2\/media\/3143"}],"wp:attachment":[{"href":"https:\/\/antslab.com.br\/index.php?rest_route=%2Fwp%2Fv2%2Fmedia&parent=3142"}],"wp:term":[{"taxonomy":"product_cat","embeddable":true,"href":"https:\/\/antslab.com.br\/index.php?rest_route=%2Fwp%2Fv2%2Fproduct_cat&post=3142"},{"taxonomy":"product_tag","embeddable":true,"href":"https:\/\/antslab.com.br\/index.php?rest_route=%2Fwp%2Fv2%2Fproduct_tag&post=3142"}],"curies":[{"name":"wp","href":"https:\/\/api.w.org\/{rel}","templated":true}]}}