{"id":2835,"date":"2023-08-02T14:54:09","date_gmt":"2023-08-02T17:54:09","guid":{"rendered":"https:\/\/antslab.com.br\/?post_type=product&#038;p=2835"},"modified":"2023-08-02T15:37:22","modified_gmt":"2023-08-02T18:37:22","slug":"microtubo-pcr","status":"publish","type":"product","link":"https:\/\/antslab.com.br\/?product=microtubo-pcr","title":{"rendered":"MICROTUBO PCR"},"content":{"rendered":"<p><span class=\"title\">Descri\u00e7\u00e3o<\/span><\/p>\n<p><strong>Aplica\u00e7\u00e3o:<\/strong><\/p>\n<p>O microtubo para PCR 200 \u00b5L com tampa chata transparente \u00e9 utilizado em diferentes modelos termociclador para rea\u00e7\u00f5es de PCR.<\/p>\n<p><strong>Caracter\u00edsticas:<\/strong><\/p>\n<p>Fabricado em polipropileno virgem de grau m\u00e9dico;<\/p>\n<p>Livre de DNase, RNase e pirog\u00eanio;<\/p>\n<p>Volume: 200 \u00b5L;<\/p>\n<p>Tampa de veda\u00e7\u00e3o para evitar erros de amplifica\u00e7\u00e3o devido \u00e0 evapora\u00e7\u00e3o;<\/p>\n<p>Cor: Transparente;<\/p>\n<p>Parede ultra-finas para melhor transfer\u00eancia de calor.<\/p>\n<p><strong>N\u00e3o \u00e9 recomend\u00e1vel a autoclavagem de tubos de PCR.<\/strong><\/p>\n<p><strong>Registro ANVISA:<\/strong><\/p>\n<p>Produto n\u00e3o pass\u00edvel de registro.<\/p>\n<p><strong>Apresenta\u00e7\u00e3o:<\/strong><\/p>\n<p>Pacote com 1000 unidades.<\/p>\n<p><strong>MARCA: KASVI<\/strong><\/p>\n","protected":false},"excerpt":{"rendered":"<p>Descri\u00e7\u00e3o Aplica\u00e7\u00e3o: O microtubo para PCR 200 \u00b5L com tampa chata transparente \u00e9 utilizado em diferentes modelos termociclador para rea\u00e7\u00f5es de PCR. Caracter\u00edsticas: Fabricado em polipropileno virgem de grau m\u00e9dico;&hellip;<\/p>\n","protected":false},"featured_media":2836,"comment_status":"open","ping_status":"closed","template":"","meta":{"content-type":""},"product_cat":[127,147],"product_tag":[],"class_list":{"0":"post-2835","1":"product","2":"type-product","3":"status-publish","4":"has-post-thumbnail","6":"product_cat-biologia-molecular","7":"product_cat-microtubos-pcr","9":"first","10":"instock","11":"shipping-taxable","12":"purchasable","13":"product-type-variable"},"jetpack-related-posts":[{"id":2753,"url":"https:\/\/antslab.com.br\/?product=microplaca-qpcr-sem-borda-96-pocos-regular-profile-25-un-pct-k7-9620","url_meta":{"origin":2835,"position":0},"title":"MICROPLACA QPCR SEM BORDA 96 PO\u00c7OS REGULAR PROFILE. 25 UN\/PCT. K7-9620","author":"antslab","date":"4 de julho de 2023","format":false,"excerpt":"Aplica\u00e7\u00e3o: Microplaca qPCR T sem borda 96 po\u00e7os regular profile \u00e9 utilizada em termocicladores nas rotinas de PCR em tempo real. Caracter\u00edsticas: Regular profile; Transparente; Est\u00e9reis por radia\u00e7\u00e3o gama; Pode ser cortada em tamanhos menores; Paredes finas na parte inferior permitem m\u00e1xima transfer\u00eancia de calor; Volume m\u00e1ximo de trabalho da\u2026","rel":"","context":"Post similar","block_context":{"text":"Post similar","link":""},"img":{"alt_text":"","src":"https:\/\/i0.wp.com\/antslab.com.br\/wp-content\/uploads\/2023\/07\/K7-9620.jpg?fit=500%2C500&ssl=1&resize=350%2C200","width":350,"height":200},"classes":[]},{"id":2928,"url":"https:\/\/antslab.com.br\/?product=rack-tubos-criogenicos","url_meta":{"origin":2835,"position":1},"title":"Rack &#8211; Tubos Criog\u00eanicos","author":"antslab","date":"7 de agosto de 2023","format":false,"excerpt":"RACK PARA 100 TUBOS CRIOG\u00caNICOS\/MICROTUBOS 1,5 \u2013 2,0 ML. TRANSPARENTE Aplica\u00e7\u00e3o: O rack para 100 tubos serve para armazenamento e transporte de tubos criog\u00eanicos e microtubos. Caracter\u00edsticas: Fabricado em polipropileno (PP) virgem; Resistente a temperaturas entre -80\u00b0C e 121\u00b0C; Transparente; Identifica\u00e7\u00e3o alfanum\u00e9rica; Tampa dobradi\u00e7a de f\u00e1cil abertura; Autoclav\u00e1vel (121\u00b0C, 15PSI,\u2026","rel":"","context":"Post similar","block_context":{"text":"Post similar","link":""},"img":{"alt_text":"","src":"https:\/\/i0.wp.com\/antslab.com.br\/wp-content\/uploads\/2023\/08\/K30-100N.jpg?fit=1200%2C1200&ssl=1&resize=350%2C200","width":350,"height":200},"classes":[]},{"id":2689,"url":"https:\/\/antslab.com.br\/?product=microplaca-de-pcr","url_meta":{"origin":2835,"position":2},"title":"MICROPLACA DE PCR","author":"antslab","date":"22 de junho de 2023","format":false,"excerpt":"Descri\u00e7\u00e3o Aplica\u00e7\u00e3o: A Microplaca de PCR com Borda 96 po\u00e7os \u00e9 utilizada em termociclador para an\u00e1lises de PCR. Caracter\u00edsticas: Fabricada em polipropileno (PP); Identifica\u00e7\u00e3o alfanum\u00e9rica; 96 po\u00e7os de 200\u00b5L com borda lateral inteira; Livre de DNA, DNase, RNase e pirog\u00eanio. Compatibilidade: Applied Biosystems \u2013 Termocicladores: 9700 Amersham \u2013 Sequenciadores: MegaBACE\u2026","rel":"","context":"Post similar","block_context":{"text":"Post similar","link":""},"img":{"alt_text":"","src":"https:\/\/i0.wp.com\/antslab.com.br\/wp-content\/uploads\/2023\/06\/K4-9605.jpg?fit=500%2C500&ssl=1&resize=350%2C200","width":350,"height":200},"classes":[]},{"id":2858,"url":"https:\/\/antslab.com.br\/?product=ponteira-sem-filtro","url_meta":{"origin":2835,"position":3},"title":"PONTEIRA SEM FILTRO","author":"antslab","date":"2 de agosto de 2023","format":false,"excerpt":"Aplica\u00e7\u00e3o: A ponteira sem filtro 0,1 -10 \u00b5L tipo Gilson serve para uso em micropipetas e manipula\u00e7\u00e3o de l\u00edquidos com precis\u00e3o. Caracter\u00edsticas: Fabricada em polipropileno (PP); Volume: 0,1 \u2013 10 \u00b5L; Transparente; Encaixe tipo Gilson. Registro ANVISA: N\u00e3o aplic\u00e1vel. Apresenta\u00e7\u00e3o: Pacote com 1.000 unidades. \u00a0 MODELO: K31-11 MARCA: Olen","rel":"","context":"Post similar","block_context":{"text":"Post similar","link":""},"img":{"alt_text":"","src":"https:\/\/i0.wp.com\/antslab.com.br\/wp-content\/uploads\/2023\/08\/K31-1000B.jpg?fit=500%2C500&ssl=1&resize=350%2C200","width":350,"height":200},"classes":[]},{"id":2905,"url":"https:\/\/antslab.com.br\/?product=ponteiras-livre-de-dnase-rnase-com-filtro","url_meta":{"origin":2835,"position":4},"title":"PONTEIRAS LIVRE DE DNase, RNase COM FILTRO","author":"antslab","date":"4 de agosto de 2023","format":false,"excerpt":"PONTEIRA 0,1 \u2013 10 \u00b5L COM FILTRO. EST\u00c9RIL. 1000 UN\/PCT. - K62-10-1 Aplica\u00e7\u00e3o: As ponteiras 0,1 \u2013 10 \u00b5L com filtro servem para manipula\u00e7\u00e3o de l\u00edquidos e s\u00e3o compat\u00edveis com as principais marcas de micropipetas do mercado. Caracter\u00edsticas: Fabricadas em polipropileno (PP) transparente de alta qualidade; Capacidade: 0,1 \u2013 10\u2026","rel":"","context":"Post similar","block_context":{"text":"Post similar","link":""},"img":{"alt_text":"","src":"https:\/\/i0.wp.com\/antslab.com.br\/wp-content\/uploads\/2023\/08\/false-1.jpg?fit=1200%2C1200&ssl=1&resize=350%2C200","width":350,"height":200},"classes":[]},{"id":2867,"url":"https:\/\/antslab.com.br\/?product=ponteira-baixa-retencao","url_meta":{"origin":2835,"position":5},"title":"PONTEIRA BAIXA RETEN\u00c7\u00c3O SEM FILTRO E COM FILTRO","author":"antslab","date":"3 de agosto de 2023","format":false,"excerpt":"Aplica\u00e7\u00e3o: As Ponteiras\u00a00,1-10 \u00b5L\u00a0sem\u00a0filtro servem para manipula\u00e7\u00e3o de l\u00edquidos e s\u00e3o compat\u00edveis com as principais marcas de micropipetas do mercado. Caracter\u00edsticas: Fabricadas em polipropileno (PP) transparente de alta qualidade; Capacidade:\u00a00,1-10\u00a0\u00b5L; Baixa reten\u00e7\u00e3o; Livre de DNase, RNase, endotoxinas e pirog\u00eanios; Registro ANVISA: N\u00e3o aplic\u00e1vel. Apresenta\u00e7\u00e3o: Pacote com 1000 unidades. Modelo:\u00a0K69-10 Marca:\u00a0Kasvi","rel":"","context":"Post similar","block_context":{"text":"Post similar","link":""},"img":{"alt_text":"","src":"https:\/\/i0.wp.com\/antslab.com.br\/wp-content\/uploads\/2023\/08\/false-2.jpg?fit=1200%2C1200&ssl=1&resize=350%2C200","width":350,"height":200},"classes":[]}],"_links":{"self":[{"href":"https:\/\/antslab.com.br\/index.php?rest_route=\/wp\/v2\/product\/2835","targetHints":{"allow":["GET"]}}],"collection":[{"href":"https:\/\/antslab.com.br\/index.php?rest_route=\/wp\/v2\/product"}],"about":[{"href":"https:\/\/antslab.com.br\/index.php?rest_route=\/wp\/v2\/types\/product"}],"replies":[{"embeddable":true,"href":"https:\/\/antslab.com.br\/index.php?rest_route=%2Fwp%2Fv2%2Fcomments&post=2835"}],"wp:featuredmedia":[{"embeddable":true,"href":"https:\/\/antslab.com.br\/index.php?rest_route=\/wp\/v2\/media\/2836"}],"wp:attachment":[{"href":"https:\/\/antslab.com.br\/index.php?rest_route=%2Fwp%2Fv2%2Fmedia&parent=2835"}],"wp:term":[{"taxonomy":"product_cat","embeddable":true,"href":"https:\/\/antslab.com.br\/index.php?rest_route=%2Fwp%2Fv2%2Fproduct_cat&post=2835"},{"taxonomy":"product_tag","embeddable":true,"href":"https:\/\/antslab.com.br\/index.php?rest_route=%2Fwp%2Fv2%2Fproduct_tag&post=2835"}],"curies":[{"name":"wp","href":"https:\/\/api.w.org\/{rel}","templated":true}]}}