{"id":2779,"date":"2023-07-05T06:43:27","date_gmt":"2023-07-05T09:43:27","guid":{"rendered":"https:\/\/antslab.com.br\/?post_type=product&#038;p=2779"},"modified":"2026-03-15T12:19:09","modified_gmt":"2026-03-15T15:19:09","slug":"forno-mufla-ssfm","status":"publish","type":"product","link":"https:\/\/antslab.com.br\/?product=forno-mufla-ssfm","title":{"rendered":"FORNO MUFLA &#8211; SSFM"},"content":{"rendered":"<p><strong>Aplica\u00e7\u00e3o:<\/strong><\/p>\n<p>Desenvolvido para procedimentos que necessitam de altas temperatura, dentre eles est\u00e3o a calcina\u00e7\u00e3o de subst\u00e2ncias no qual \u00e9 o processo de oxida\u00e7\u00e3o das subst\u00e2ncias presentes na amostra, utilizado tamb\u00e9m em an\u00e1lises qu\u00edmicas de subst\u00e2ncias complexas ou na quantifica\u00e7\u00e3o de metais.Fabricado com mat\u00e9ria prima de excelente qualidade este equipamento opera na faixa de temperatura de 100\u00baC a 1200\u2070C e conta tamb\u00e9m com controlador digital garantindo perfeito controle da temperatura desejada.<\/p>\n<p><strong>Caracter\u00edsticas:<\/strong><\/p>\n<p>Controlador micro-processado digital com sistema PID, possui duplo display Led de 4 d\u00edgitos com resolu\u00e7\u00e3o de 1\u00b0C para indica\u00e7\u00e3o da temperatura de processo (PV) e Set Point.<\/p>\n<p>Painel em policarbonato com indica\u00e7\u00e3o de fun\u00e7\u00f5es, com chave Liga\/Desliga e indicador luminoso.<\/p>\n<p>Sensor de temperatura tipo K.<\/p>\n<p>Temperatura de 100\u00b0C 1200\u00b0C.<\/p>\n<p>Painel de comando localizado na lateral.<\/p>\n<p>Aquecimento atrav\u00e9s de um conjunto de resist\u00eancias com Fio Kanthal.<\/p>\n<p>Isola\u00e7\u00e3o t\u00e9rmica atrav\u00e9s de tijolos isolantes e manta t\u00e9rmica evitando o calor na parte externa do equipamento.<\/p>\n<p>Gabinete externo totalmente em chapa de a\u00e7o carbono SAE 1020 com tratamento anticorrosivo e pintura eletrost\u00e1tica na cor branca.<\/p>\n<p>C\u00e2mara interna constru\u00edda em cer\u00e2mica especial, altamente resistente a choques t\u00e9rmicos.<\/p>\n<p>Porta com contrapeso e abertura tipo bandeja, para prote\u00e7\u00e3o do operador contra poss\u00edveis queda do material quando em alta temperatura.<\/p>\n<p><strong>Especifica\u00e7\u00f5es T\u00e9cnicas:<\/strong><\/p>\n<p>Faixa de temperatura de trabalho : 100\u00b0C \u00e0 1200\u00b0C &#8211; outros sob consulta<\/p>\n<p>Resolu\u00e7\u00e3o : 1\u00b0C<\/p>\n<p>Precis\u00e3o de controle : +\/- 10\u00b0C<\/p>\n<p>Indica\u00e7\u00e3o digital : led<\/p>\n<p>Sensor de temperatura : tipo K<\/p>\n<p>Cabo de alimenta\u00e7\u00e3o : com dupla isola\u00e7\u00e3o, duas fases e um terra<\/p>\n<p>Sistema de aquecimento : resist\u00eancia fio Kanthal<\/p>\n<p>Tens\u00e3o : 220V &#8211; bif\u00e1sico<\/p>\n<p><strong>Embalagem Cont\u00e9m :<\/strong><\/p>\n<p>Termo de garantia de 1 ano contra defeitos de fabrica\u00e7\u00e3o;<\/p>\n<p>Cabo de alimenta\u00e7\u00e3o (n\u00e3o acompanha plug).<\/p>\n<p><strong>Opcionais:<\/strong><\/p>\n<p>Sistema de rampas e patamares.<\/p>\n<p><strong>Informa\u00e7\u00f5es do Modelo:<\/strong><\/p>\n<p><strong>Modelo\u00a0 \u00a0 \u00a0 \u00a0 \u00a0 \u00a0 \u00a0 \u00a0Medidas internas\u00a0 \u00a0 \u00a0 \u00a0 \u00a0 \u00a0 \u00a0 \u00a0Medidas Externas\u00a0 \u00a0 \u00a0 \u00a0 \u00a0 \u00a0 \u00a0 \u00a0Volume \u00datil\u00a0 \u00a0 \u00a0 \u00a0 \u00a0 \u00a0 \u00a0 \u00a0Peso Kg\u00a0 \u00a0 \u00a0 \u00a0 \u00a0 \u00a0 \u00a0 \u00a0Pot\u00eancia<\/strong><\/p>\n<p>SSFM 6,7L\u00a0 \u00a0 \u00a0 \u00a0 \u00a0 \u00a0 \u00a0 \u00a0 15X30X15cm\u00a0 \u00a0 \u00a0 \u00a0 \u00a0 \u00a0 \u00a0 \u00a0 \u00a0 \u00a0 \u00a0 \u00a0 50X65X65cm\u00a0 \u00a0 \u00a0 \u00a0 \u00a0 \u00a0 \u00a0 \u00a0 \u00a0 \u00a0 \u00a0 6,7 litros\u00a0 \u00a0 \u00a0 \u00a0 \u00a0 \u00a0 \u00a0 \u00a0 \u00a0 \u00a0 \u00a060\u00a0 \u00a0 \u00a0 \u00a0 \u00a0 \u00a0 \u00a0 \u00a0 \u00a0 4000 watts<\/p>\n<p>SSFM 16L\u00a0 \u00a0 \u00a0 \u00a0 \u00a0 \u00a0 \u00a0 \u00a0 \u00a020X40X20cm\u00a0 \u00a0 \u00a0 \u00a0 \u00a0 \u00a0 \u00a0 \u00a0 \u00a0 \u00a0 \u00a0 \u00a0 52X67X70cm\u00a0 \u00a0 \u00a0 \u00a0 \u00a0 \u00a0 \u00a0 \u00a0 \u00a0 \u00a0 \u00a0\u00a016 litros\u00a0 \u00a0 \u00a0 \u00a0 \u00a0 \u00a0 \u00a0 \u00a0 \u00a0 \u00a0 \u00a0110\u00a0 \u00a0 \u00a0 \u00a0 \u00a0 \u00a0 \u00a0 \u00a0 \u00a06000 watts<\/p>\n<p>&nbsp;<\/p>\n<p><strong>MODELO: SSFM<\/strong><\/p>\n<p><strong>MARCA: SOLIDTEEL<\/strong><\/p>\n","protected":false},"excerpt":{"rendered":"<p>Aplica\u00e7\u00e3o: Desenvolvido para procedimentos que necessitam de altas temperatura, dentre eles est\u00e3o a calcina\u00e7\u00e3o de subst\u00e2ncias no qual \u00e9 o processo de oxida\u00e7\u00e3o das subst\u00e2ncias presentes na amostra, utilizado tamb\u00e9m&hellip;<\/p>\n","protected":false},"featured_media":2778,"comment_status":"open","ping_status":"closed","template":"","meta":{"content-type":""},"product_cat":[119,168],"product_tag":[],"class_list":{"0":"post-2779","1":"product","2":"type-product","3":"status-publish","4":"has-post-thumbnail","6":"product_cat-equipamentos","7":"product_cat-fornos","9":"first","10":"instock","11":"shipping-taxable","12":"purchasable","13":"product-type-simple"},"jetpack-related-posts":[{"id":3198,"url":"https:\/\/antslab.com.br\/?product=frasco-para-cultivo-de-celulas-sem-filtro-e-com-filtro","url_meta":{"origin":2779,"position":0},"title":"FRASCO PARA CULTIVO DE CELULAS sem filtro e com filtro","author":"antslab","date":"4 de setembro de 2023","format":false,"excerpt":"FRASCO PARA CULTIVO DE CELULAS 12,5 CM2 TAMPA PLUG (SEM FILTRO). 10 UN\/PCT.- K11-1025 Descri\u00e7\u00e3o Aplica\u00e7\u00e3o: Frasco para Cultivo \u00e9 utilizado para cultivo de c\u00e9lulas e tecidos. Caracter\u00edsticas: Fabricado em poliestireno; Superf\u00edcie de crescimento tratada; Esterilizado por radia\u00e7\u00e3o gama; Gradua\u00e7\u00e3o bilateral; \u00c1rea para marca\u00e7\u00e3o pr\u00f3xima ao bocal; Livre de DNase,\u2026","rel":"","context":"Post similar","block_context":{"text":"Post similar","link":""},"img":{"alt_text":"","src":"https:\/\/i0.wp.com\/antslab.com.br\/wp-content\/uploads\/2023\/09\/frasco-de-cultivo.jpg?fit=1200%2C1200&ssl=1&resize=350%2C200","width":350,"height":200},"classes":[]},{"id":2699,"url":"https:\/\/antslab.com.br\/?product=condutivimetro-de-bancada-com-tds-ds-703a-bi","url_meta":{"origin":2779,"position":1},"title":"CONDUTIV\u00cdMETRO DE BANCADA COM TDS &#8211; DS-703A-BI","author":"antslab","date":"23 de junho de 2023","format":false,"excerpt":"Equipamento onde os dados de condutividade podem determinar a concentra\u00e7\u00e3o de solu\u00e7\u00f5es, detectar contaminantes e determinar a pureza da \u00e1gua. O medidor de condutividade DS-703A possui a fun\u00e7\u00e3o TDS (S\u00f3lidos Totais Dissolvidos, ideal para testes de qualidade da \u00e1gua, monitoramento ambiental e aquicultura, gr\u00e1ficas e ind\u00fastrias qu\u00edmicas, pesquisas e educa\u00e7\u00e3o\u2026","rel":"","context":"Post similar","block_context":{"text":"Post similar","link":""},"img":{"alt_text":"","src":"https:\/\/i0.wp.com\/antslab.com.br\/wp-content\/uploads\/2023\/06\/DS-703A-BI-web1.jpg?fit=1000%2C800&ssl=1&resize=350%2C200","width":350,"height":200},"classes":[]},{"id":2923,"url":"https:\/\/antslab.com.br\/?product=rack-termoestavel","url_meta":{"origin":2779,"position":2},"title":"Rack &#8211; Termoest\u00e1vel","author":"antslab","date":"7 de agosto de 2023","format":false,"excerpt":"Aplica\u00e7\u00e3o: Os Racks Termoest\u00e1veis s\u00e3o utilizados em procedimentos em que as amostras devem ser mantidas a baixas\u00a0temperaturas, garantindo sua estabilidade. Caracter\u00edsticas: Fabricado em polipropileno; Capacidade para 96 microtubos de 0,1 e 0,2 mL ou uma microplaca de 96 po\u00e7os; Mant\u00e9m a amostra em temperaturas inferiores de -4\u00b0C por aproximadamente 4\u2026","rel":"","context":"Post similar","block_context":{"text":"Post similar","link":""},"img":{"alt_text":"","src":"https:\/\/i0.wp.com\/antslab.com.br\/wp-content\/uploads\/2023\/08\/K30-9602.jpg?fit=1000%2C1000&ssl=1&resize=350%2C200","width":350,"height":200},"classes":[]},{"id":2677,"url":"https:\/\/antslab.com.br\/?product=placa-de-petri-cultivo-celular","url_meta":{"origin":2779,"position":3},"title":"Placa de Petri  &#8211; Cultivo","author":"antslab","date":"22 de junho de 2023","format":false,"excerpt":"PLACA PARA CULTIVO DE C\u00c9LULAS 100 MM. 10 UN\/PCT - K13-0100 Descri\u00e7\u00e3o Aplica\u00e7\u00e3o: As Placas de Petri s\u00e3o ideais para produ\u00e7\u00e3o de c\u00e9lulas, pr\u00e9-tratamento, prepara\u00e7\u00e3o, crescimento celular, armazenamento de amostras etc. Caracter\u00edsticas: Fundo plano e paredes uniformes, livres de distor\u00e7\u00f5es; Superf\u00edcie tratada, lisa e livre de falhas para maximizar a\u2026","rel":"","context":"Post similar","block_context":{"text":"Post similar","link":""},"img":{"alt_text":"","src":"https:\/\/i0.wp.com\/antslab.com.br\/wp-content\/uploads\/2023\/06\/petri.jpg?fit=682%2C698&ssl=1&resize=350%2C200","width":350,"height":200},"classes":[]},{"id":2659,"url":"https:\/\/antslab.com.br\/?product=tubo-de-centrifugacao","url_meta":{"origin":2779,"position":4},"title":"TUBO DE CENTRIFUGA\u00c7\u00c3O","author":"antslab","date":"22 de junho de 2023","format":false,"excerpt":"Descri\u00e7\u00e3o Aplica\u00e7\u00e3o: Tubos de Centrifuga\u00e7\u00e3o s\u00e3o utilizados para centrifuga\u00e7\u00e3o e armazenamento de amostras ou solu\u00e7\u00f5es. Caracter\u00edsticas: Fabricado em polipropileno; Tampa alongada \u00e0 prova de vazamentos; Gradua\u00e7\u00e3o e \u00e1rea de marca\u00e7\u00e3o lateral resistentes a clorof\u00f3rmio; Livre de DNase, RNase e pirog\u00eanio; Esterilizado por radia\u00e7\u00e3o gama; Autoclav\u00e1vel: 121\u00b0C, 15 PSI, 15min. Informa\u00e7\u00f5es\u2026","rel":"","context":"Post similar","block_context":{"text":"Post similar","link":""},"img":{"alt_text":"","src":"https:\/\/i0.wp.com\/antslab.com.br\/wp-content\/uploads\/2023\/06\/Tubo-falcon.png?fit=890%2C888&ssl=1&resize=350%2C200","width":350,"height":200},"classes":[]},{"id":2939,"url":"https:\/\/antslab.com.br\/?product=tubos-criogenicos","url_meta":{"origin":2779,"position":5},"title":"Tubos &#8211; Criog\u00eanicos","author":"antslab","date":"7 de agosto de 2023","format":false,"excerpt":"Tubo Criog\u00eanico 2ml Rosca Externa, 50 Un\/Pct \u00a0","rel":"","context":"Post similar","block_context":{"text":"Post similar","link":""},"img":{"alt_text":"","src":"https:\/\/i0.wp.com\/antslab.com.br\/wp-content\/uploads\/2023\/08\/k2-7001.jpg?fit=1200%2C1200&ssl=1&resize=350%2C200","width":350,"height":200},"classes":[]}],"_links":{"self":[{"href":"https:\/\/antslab.com.br\/index.php?rest_route=\/wp\/v2\/product\/2779","targetHints":{"allow":["GET"]}}],"collection":[{"href":"https:\/\/antslab.com.br\/index.php?rest_route=\/wp\/v2\/product"}],"about":[{"href":"https:\/\/antslab.com.br\/index.php?rest_route=\/wp\/v2\/types\/product"}],"replies":[{"embeddable":true,"href":"https:\/\/antslab.com.br\/index.php?rest_route=%2Fwp%2Fv2%2Fcomments&post=2779"}],"wp:featuredmedia":[{"embeddable":true,"href":"https:\/\/antslab.com.br\/index.php?rest_route=\/wp\/v2\/media\/2778"}],"wp:attachment":[{"href":"https:\/\/antslab.com.br\/index.php?rest_route=%2Fwp%2Fv2%2Fmedia&parent=2779"}],"wp:term":[{"taxonomy":"product_cat","embeddable":true,"href":"https:\/\/antslab.com.br\/index.php?rest_route=%2Fwp%2Fv2%2Fproduct_cat&post=2779"},{"taxonomy":"product_tag","embeddable":true,"href":"https:\/\/antslab.com.br\/index.php?rest_route=%2Fwp%2Fv2%2Fproduct_tag&post=2779"}],"curies":[{"name":"wp","href":"https:\/\/api.w.org\/{rel}","templated":true}]}}